factor of 1055847 and 1196?
13
Calculate the highest common factor of 594198600 and 48.
24
What is the greatest common divisor of 216948 and 12524?
404
Calculate the highest common factor of 63272 and 61160.
88
Calculate the greatest common divisor of 233311648 and 3936.
1312
What is the greatest common divisor of 9612 and 7875144?
108
What is the greatest common divisor of 4884204 and 1955568?
1572
What is the highest common divisor of 2548007 and 6853?
77
What is the greatest common factor of 166840 and 5525120?
3880
What is the greatest common factor of 57979865 and 397?
397
What is the highest common factor of 596002 and 1078?
22
Calculate the highest common divisor of 3594202 and 48546.
1798
Calculate the highest common factor of 601954947 and 99.
99
Calculate the greatest common factor of 192 and 2567148.
12
What is the highest common divisor of 2019416 and 448?
56
Calculate the highest common factor of 100497694 and 33.
11
What is the highest common divisor of 522732 and 3108?
84
What is the highest common divisor of 6468400 and 14832?
1648
Calculate the highest common factor of 21232575 and 238.
119
What is the highest common divisor of 52391112 and 26896?
328
What is the greatest common divisor of 121 and 292325473?
121
What is the greatest common divisor of 19376082 and 66?
66
What is the greatest common divisor of 704 and 29119904?
352
What is the highest common divisor of 983925 and 13725?
225
What is the highest common divisor of 40 and 8256980?
20
What is the highest common divisor of 1005 and 14132109?
201
What is the greatest common divisor of 101 and 92140987?
101
Calculate the highest common divisor of 1164143 and 2003563.
2209
Calculate the greatest common divisor of 1372437 and 891853.
4621
Calculate the highest common factor of 39 and 15402297.
3
What is the greatest common divisor of 658 and 2856472?
94
What is the highest common factor of 2214 and 1521234?
54
Calculate the highest common factor of 606555 and 200.
5
What is the greatest common divisor of 169614081 and 3276?
819
What is the greatest common divisor of 14717 and 811?
1
What is the highest common factor of 322793 and 22304?
41
Calculate the highest common factor of 619251 and 3171.
453
What is the greatest common factor of 6823602 and 206955?
5913
What is the highest common factor of 1142809600 and 768?
256
What is the greatest common factor of 14904 and 13723992?
648
Calculate the highest common divisor of 3583184 and 1584.
176
What is the greatest common factor of 348859956 and 681?
681
Calculate the greatest common factor of 2102418 and 21550.
862
Calculate the greatest common divisor of 18905052 and 20.
4
Calculate the greatest common divisor of 52962 and 12236550.
582
Calculate the highest common divisor of 6148183 and 989.
43
What is the highest common factor of 275 and 8201380?
55
Calculate the greatest common factor of 30880765 and 3.
1
Calculate the greatest common divisor of 75780 and 1089.
9
What is the greatest common divisor of 5038306 and 224770?
3458
What is the highest common factor of 10182106 and 100870?
2882
Calculate the greatest common factor of 37937 and 1221057.
643
Calculate the greatest common factor of 1656 and 178762992.
552
What is the highest common factor of 11308 and 1220493?
257
Calculate the greatest common factor of 2730 and 261014.
26
Calculate the highest common divisor of 757840 and 45040.
80
Calculate the greatest common divisor of 53646552 and 8.
8
What is the greatest common factor of 2255870 and 20026?
1178
What is the highest common factor of 108 and 3669111?
27
Calculate the highest common factor of 49200 and 34725.
75
Calculate the greatest common divisor of 17511566 and 185866.
934
What is the greatest common factor of 606 and 330487857?
303
What is the greatest common divisor of 30480 and 337058?
254
Calculate the highest common factor of 8347137 and 116679.
1311
What is the highest common divisor of 610406736 and 36?
12
Calculate the highest common factor of 2440599 and 2599.
23
What is the highest common factor of 30206 and 12447618?
2746
Calculate the greatest common divisor of 328 and 516705452.
164
What is the highest common divisor of 2622460 and 161?
23
What is the highest common factor of 411242 and 754?
26
Calculate the greatest common factor of 58740428 and 58.
58
Calculate the greatest common divisor of 7246941 and 117.
39
Calculate the greatest common factor of 72 and 10287912.
24
Calculate the highest common factor of 116 and 87257897.
29
What is the greatest common factor of 38649845 and 1654?
827
What is the greatest common factor of 640 and 5775808?
64
What is the highest common divisor of 3336 and 971877297?
417
Calculate the highest common factor of 298734 and 48.
6
What is the highest common divisor of 37622250 and 10125?
1125
Calculate the highest common divisor of 634374 and 192582.
234
What is the highest common factor of 6050340 and 180?
180
What is the highest common divisor of 107320574 and 439?
439
What is the highest common factor of 51 and 10617554?
17
Calculate the highest common divisor of 568661078 and 5426.
5426
What is the greatest common divisor of 25 and 26332535?
5
Calculate the greatest common divisor of 3697252 and 12319.
97
What is the greatest common factor of 1595853 and 694?
347
What is the highest common factor of 95116 and 163744?
1204
Calculate the highest common divisor of 5450 and 2494574.
218
Calculate the greatest common factor of 136 and 24041264.
136
Calculate the highest common divisor of 22353386 and 176.
22
Calculate the greatest common divisor of 24 and 229161.
3
Calculate the highest common divisor of 605159599 and 121.
121
What is the highest common factor of 253193 and 30887?
67
Calculate the highest common factor of 16264 and 919714.
38
What is the highest common factor of 38473959 and 413?
59
Calculate the greatest common divisor of 2000 and 1187234000.
2000
What is the greatest common divisor of 2296 and 39811?
41
Calculate the highest common factor of 704 and 580558.
22
Calculate the greatest common divisor of 620752 and 506.
22
Calculate the highest common divisor of 22288347 and 18.
9
Calculate the highest common divisor of 25064 and 362726.
26
What is the greatest common divisor of 51527262 and 1068?
534
What is the highest common factor of 173 and 4075361?
173
Calculate the highest common divisor of 4112 and 169603552.
4112
Calculate the greatest common factor of 275 and 265435.
5
Calculate the highest common divisor of 69312 and 1102.
38
What is the highest common factor of 41616 and 11900?
68
Calculate the highest common divisor of 28 and 14364728.
28
Calculate the highest common divisor of 936 and 3401736.
312
Calculate the greatest common factor of 2926 and 2837681.
77
What is the highest common factor of 12760 and 5864815?
1595
Calculate the greatest common factor of 69441 and 246120.
879
Calculate the highest common divisor of 714823472 and 76.
76
What is the greatest common factor of 91266 and 13454?
14
What is the greatest common factor of 90673 and 70202?
11
Calculate the greatest common divisor of 1179557 and 2440976.
3721
Calculate the greatest common divisor of 7422992 and 94.
94
Calculate the greatest common divisor of 2620644 and 3763604.
8164
What is the highest common divisor of 1299429 and 6460?
323
Calculate the greatest common divisor of 10459666 and 140.
14
Calculate the greatest common factor of 147409 and 31.
1
Calculate the greatest common factor of 11493848 and 72.
8
What is the highest common factor of 31462725 and 11725?
175
Calculate the greatest common divisor of 177 and 22277751.
177
What is the greatest common factor of 11292 and 76512?
12
What is the highest common divisor of 992 and 20692872?
248
What is the highest common divisor of 1178716 and 152012?
2492
What is the highest common factor of 1138950 and 5850?
450
Calculate the greatest common divisor of 338209203 and 153.
51
What is the greatest common factor of 1431 and 41341?
1
Calculate the greatest common factor of 2245236 and 252.
84
Calculate the highest common factor of 178152 and 1159860.
156
What is the greatest common divisor of 162092 and 308?
28
Calculate the greatest common divisor of 16 and 19996632.
8
What is the greatest common divisor of 11781